ctor of 7155 and 1694145.
795
Calculate the highest common factor of 278443 and 20383.
187
What is the greatest common divisor of 57 and 12569336?
19
Calculate the highest common divisor of 62155667 and 4606.
2303
Calculate the greatest common divisor of 36 and 277677.
9
Calculate the highest common factor of 1088348 and 12328.
268
What is the greatest common factor of 84392 and 265496?
616
What is the highest common factor of 2346 and 2643988?
46
What is the greatest common divisor of 22658433 and 7497?
2499
Calculate the highest common factor of 48 and 7955340.
12
Calculate the highest common divisor of 2256770 and 9545.
415
What is the highest common divisor of 364805287 and 7?
7
Calculate the highest common divisor of 6740 and 127900.
20
Calculate the greatest common divisor of 50 and 4689214.
2
Calculate the highest common divisor of 14130 and 37156248.
2826
Calculate the greatest common divisor of 360904 and 8564600.
1832
What is the greatest common divisor of 4964 and 9308809?
17
Calculate the greatest common factor of 32984 and 346472.
56
What is the greatest common factor of 806321 and 47871?
197
Calculate the highest common factor of 252764 and 140580364.
8716
Calculate the greatest common divisor of 27709 and 597919.
229
Calculate the highest common factor of 7820730 and 370.
10
What is the greatest common factor of 458583188 and 112?
28
Calculate the greatest common factor of 560932 and 544799.
1241
Calculate the highest common divisor of 83265 and 1233505.
455
What is the highest common factor of 6719074 and 124?
2
What is the highest common factor of 172622409 and 521?
521
What is the highest common divisor of 91077 and 21441?
21
What is the greatest common factor of 2728 and 216192295?
341
What is the highest common divisor of 6524693 and 70?
7
Calculate the greatest common divisor of 1079136 and 272.
16
What is the highest common factor of 307623 and 145263?
123
What is the greatest common factor of 403 and 12152?
31
Calculate the highest common divisor of 32139119 and 1723.
1723
Calculate the highest common divisor of 335671800 and 425.
425
Calculate the highest common factor of 219137 and 149164.
419
What is the greatest common divisor of 285795 and 131370?
435
What is the highest common factor of 2106 and 464697?
81
What is the highest common divisor of 5247 and 5283828?
99
Calculate the highest common divisor of 354 and 785348.
2
What is the highest common factor of 13822347 and 444829?
4081
Calculate the greatest common factor of 6366 and 901364062.
2122
Calculate the highest common divisor of 206482400 and 160.
160
Calculate the highest common divisor of 5336688 and 2352.
2352
What is the greatest common factor of 30 and 14670528?
6
Calculate the highest common divisor of 29387864 and 44.
44
Calculate the greatest common divisor of 135 and 551082636.
27
What is the greatest common divisor of 21461770 and 308?
22
What is the greatest common divisor of 5760 and 65812680?
360
Calculate the greatest common divisor of 10008509 and 94598.
203
What is the highest common factor of 40 and 1152576?
8
What is the greatest common factor of 46398 and 1112298?
1254
Calculate the greatest common factor of 129297 and 378021.
987
What is the highest common factor of 92 and 16697977?
23
Calculate the highest common divisor of 1955 and 36913528.
391
Calculate the greatest common divisor of 408 and 6890088.
24
Calculate the highest common divisor of 64343 and 3325301.
1369
What is the highest common divisor of 13938119 and 104?
13
Calculate the greatest common factor of 9506634 and 1.
1
What is the greatest common divisor of 14933 and 14119206?
109
Calculate the greatest common divisor of 12422 and 9830.
2
What is the greatest common divisor of 530438 and 104671?
787
Calculate the greatest common factor of 205 and 35335.
5
Calculate the highest common factor of 4079870 and 5355606.
4142
What is the highest common divisor of 66965 and 12449?
59
What is the highest common divisor of 14124 and 1283416101?
3531
Calculate the highest common divisor of 10896900 and 1995.
105
What is the greatest common factor of 63 and 9590553?
63
What is the greatest common factor of 14004438 and 336?
42
Calculate the greatest common factor of 10475754 and 195614.
4162
What is the greatest common factor of 318203 and 641?
1
What is the highest common factor of 61195185 and 2429?
347
What is the highest common factor of 8716 and 4454?
2
Calculate the greatest common divisor of 2464 and 23810248.
616
What is the highest common factor of 2520 and 580216?
56
Calculate the greatest common factor of 16 and 45434.
2
Calculate the highest common factor of 35269441 and 566.
283
What is the highest common divisor of 98 and 51153326?
14
What is the greatest common factor of 444 and 7501047?
111
What is the greatest common factor of 76602 and 42910638?
4506
Calculate the greatest common factor of 19477023 and 17331.
159
What is the greatest common factor of 3889202 and 121588?
538
What is the greatest common factor of 89440 and 24180?
260
Calculate the greatest common divisor of 22728051 and 976.
61
Calculate the highest common factor of 38 and 356611.
19
What is the greatest common divisor of 488 and 5269729?
61
Calculate the highest common divisor of 2673 and 21461.
11
Calculate the highest common divisor of 235620 and 161959.
119
What is the highest common divisor of 36056184 and 102?
102
Calculate the highest common divisor of 149958 and 12852.
54
Calculate the greatest common factor of 6887675 and 18099.
2011
Calculate the greatest common divisor of 1728 and 2772954.
54
What is the highest common divisor of 1420 and 17651020?
20
What is the highest common divisor of 249900816 and 2448?
816
What is the highest common divisor of 4133966 and 42862?
1478
Calculate the greatest common divisor of 758 and 59465858.
758
Calculate the greatest common divisor of 30668400 and 79200.
3600
What is the highest common divisor of 8388256 and 8032?
32
Calculate the greatest common divisor of 104594 and 1665792.
482
Calculate the greatest common divisor of 38 and 288565654.
38
What is the greatest common divisor of 157 and 20048429?
157
What is the highest common factor of 5910423 and 25104?
1569
Calculate the highest common divisor of 88735360 and 32.
32
Calculate the highest common factor of 340 and 1097469.
17
Calculate the highest common divisor of 340 and 1375820.
20
Calculate the greatest common factor of 26155921 and 7887.
2629
Calculate the highest common factor of 639 and 3645921.
213
Calculate the highest common factor of 57354 and 810942.
726
What is the greatest common factor of 79732 and 16076?
4
What is the highest common divisor of 38552796 and 722727?
5517
Calculate the greatest common factor of 7365265 and 1180.
295
What is the greatest common divisor of 3030 and 2298030?
30
What is the highest common factor of 59600 and 87700?
100
What is the greatest common divisor of 2 and 156798186?
2
What is the greatest common factor of 10267778 and 191?
191
Calculate the greatest common divisor of 463118162 and 52.
26
What is the greatest common divisor of 114009 and 40317?
267
What is the highest common divisor of 96 and 1720565904?
48
What is the greatest common divisor of 31556948 and 8587?
277
Calculate the greatest common factor of 432 and 103842304.
16
What is the highest common factor of 4346 and 5904246?
82
What is the greatest common factor of 7870790 and 20?
10
What is the highest common divisor of 22451 and 3779932?
2041
Calculate the greatest common factor of 813246384 and 7104.
1776
What is the greatest common divisor of 259 and 16163?
7
What is the highest common factor of 116365 and 2547265?
185
What is the greatest common factor of 23950093 and 51?
17
What is the highest common divisor of 332799507 and 1917?
639
Calculate the greatest common divisor of 5362 and 16982986.
766
What is the greatest common divisor of 2056 and 2725999?
257
What is the highest common divisor of 8304 and 11036208?
48
Calculate the greatest common divisor of 149975385 and 261.
87
Calculate the greatest common divisor of 5875 and 16847902.
47
What is the greatest common factor of 51982 and 6595631?
553
What is the highest common factor of 510 and 62432500?
170
What is the highest commo